pose -a + 5*a = j. What is the remainder when 38 is divided by a?
12
Suppose -4*u = 5*q - 53, -q + 4*u = -1 - 0. Calculate the remainder when q is divided by 6.
3
Suppose 2*i = -2*n + 76, -4*i - 58 = -3*n + n. What is the remainder when n is divided by 12?
11
Suppose -4*x + 2 - 6 = 5*p, -5*x + 36 = -4*p. Suppose -x*i = -212 - 100. What is the remainder when i is divided by 20?
18
Let n(t) be the first derivative of t**2/2 + 13*t - 2. Let l be n(-9). Suppose 0 = a + 2*o - 23, l*o = a + a - 38. What is the remainder when a is divided by 8?
5
Let m(q) = -q**2 + 6*q + 1. Let v be m(7). What is the remainder when (v - 2)*62/(-8) is divided by 21?
20
Let y = 88 + -63. What is the remainder when 97 is divided by y?
22
Let h = 40 + -29. Calculate the remainder when h is divided by 3.
2
Suppose 3*k - 4 = 20. Suppose -k*j + 10*j = 78. Suppose 3*v = 26 + 16. What is the remainder when j is divided by v?
11
Suppose 0 = 4*i - 10 - 26. Calculate the remainder when (6 + -5)/((-4)/(-64)) is divided by i.
7
Let i = 116 - 82. Calculate the remainder when i is divided by 6.
4
Let s be (-3)/1*1/(-1). Let z(o) = -o**3 + 4*o**2 - 2*o + 4. Calculate the remainder when (-245)/70*40/(-7) is divided by z(s).
6
Let h be 3 + -83 + 2/(-1). Let n = -49 - h. What is the remainder when n is divided by 12?
9
Let x = 421 - 283. Calculate the remainder when x is divided by 20.
18
Let c = 16 - 6. Calculate the remainder when c is divided by 7.
3
Suppose -9*n + 15 = -4*n. Suppose n*g - 91 = 4*j, j - 4 = 2*j. Suppose -6*w + w = -g. Calculate the remainder when 14 is divided by w.
4
Suppose -113*p + 114*p = 12. Let q = 84 + -38. What is the remainder when q is divided by p?
10
Let i(o) = o**3 + 6*o**2 + 3*o - 1. Calculate the remainder when i(-4) is divided by 7.
5
Let r = -41 + 50. Let m(z) = z**2 + 4*z + 3. What is the remainder when r is divided by m(-4)?
0
Suppose z + 4*z = -60. Calculate the remainder when 64 is divided by ((-51)/(-9))/((-4)/z).
13
Let q(u) = -u**2 - 16*u - 9. Let r be q(-15). Calculate the remainder when 35 is divided by 18*3/r - -3.
11
Suppose -4*v + 16 = -3*v - 2*c, -5*c = 2*v - 14. What is the remainder when 45 is divided by v?
9
Let f(s) = 16*s**2 - 1. Suppose -7*c + 2436 = 35*c. What is the remainder when c is divided by f(-1)?
13
Suppose -b - 4*r = -7*r - 3, r = 0. Suppose 2*y - 22 = 6*a - 4*a, -b*y + 21 = 3*a. Let p(g) = g + 1. Calculate the remainder when y is divided by p(2).
0
Let t = -74 + 79. Calculate the remainder when 16 is divided by t.
1
Let z(m) = -m**3 + 8*m**2 - 7*m - 8. Let c be z(7). Let b = c - -49. Let o = 45 - 31. Calculate the remainder when b is divided by o.
13
Let k(u) = 10*u**3 - 3*u**2 + 5*u - 7. What is the remainder when k(2) is divided by 12?
11
Suppose -5*b + 3 + 22 = 0. Let x(w) = -12*w + 1. Suppose -5*v + 4*v + 5 = -2*l, -5*l = v + 16. Calculate the remainder when x(v) is divided by b.
3
Let a = -56 - -68. What is the remainder when 57 is divided by a?
9
Suppose -4*a = 2*o - 24, 2*o + 1 = 3*a - 3. Suppose v = 2*z - 17, -a*z - 3*v + 48 = z. Calculate the remainder when 2/(-3) + 160/6 is divided by z.
8
Let v(t) = 6 + 0 + 5 + t. Let k be v(-9). Suppose -5*i = 0, s - 11 = -0*s - k*i. What is the remainder when 21 is divided by s?
10
Let i(a) = a**2 + 4. Let m be i(0). Suppose 115 = m*c + 11. What is the remainder when c is divided by 14?
12
Let t = -10 - -10. Suppose 3*v - j - 5 - 7 = t, 18 = 3*v - 3*j. Let g = 22 - 13. What is the remainder when g is divided by v?
0
Let g(c) = -2*c**3 + 2*c + 1. Let f(o) = 11*o + 2. Let h = 4 - 2. What is the remainder when f(h) is divided by g(-2)?
11
Suppose 9*b - 104 = 7*b. Let m(z) = z**2 - z - 2. Calculate the remainder when b is divided by m(-4).
16
What is the remainder when 87 is divided by 15/(-5 - 24/(-4))?
12
Suppose -i + 30 = 4*i - 5*c, -5*i + 3*c + 22 = 0. Let a = 9 + i. Let r = -77 + 98. What is the remainder when r is divided by a?
10
Suppose 5*d - 34 = 2*v, -24 = 4*v + d - 0. Let j = 7 + v. Suppose 2*q - 5*o - 3 = j, 3*q + 62 = 6*q + 4*o. What is the remainder when 25 is divided by q?
11
Let u = 9 - -4. Suppose 4*y = -4*m + 144 + 52, 4*m = y + 206. What is the remainder when m is divided by u?
12
Suppose -32 = -2*y + 58. Let q = -31 + y. What is the remainder when q is divided by 5?
4
Let r = -2 + -4. Let n(t) = 2*t**2 + 9*t + 5. What is the remainder when 45 is divided by n(r)?
22
Let s(z) = z**2 + 3*z. Let r be s(-4). Suppose m = r*m - 231. Suppose 4*u = m + 43. What is the remainder when u is divided by 11?
8
Suppose 4*g = 6*g - 26. Let w(z) = z**2 - 11*z - 18. What is the remainder when 14*(9/6)/1 is divided by w(g)?
5
Let h = 31 - 15. Let j = 48 + -18. What is the remainder when j is divided by h?
14
Let c = 76 + -67. Let z(b) = b**2 + 3*b + 6. What is the remainder when z(-6) is divided by c?
6
Suppose h + x = -0*x + 56, 2*h = -x + 115. Calculate the remainder when h is divided by 31.
28
Let z = 158 + -40. What is the remainder when z is divided by 40?
38
Let b(l) = -4*l**2 - 3*l + 106. What is the remainder when b(0) is divided by 18?
16
Suppose 2*n - 10 = -0*n. What is the remainder when 9 is divided by n?
4
Let x = 143 + -134. Suppose -3*d + 12 = -0*d. Calculate the remainder when x is divided by d.
1
Calculate the remainder when ((-12)/(-5))/((-8)/4)*-90 is divided by 28.
24
Let v = -6 - -18. Suppose -2 = 3*p - 173. What is the remainder when p is divided by v?
9
Let z = -6 + 2. Let c = z + 6. What is the remainder when (-6 + 5)/(c/(-14)) is divided by 4?
3
Let c(q) = 3*q + 1. Calculate the remainder when c(1) is divided by 1*-4 - (-8 - 0).
0
Suppose 0*y - 6 = -2*y. What is the remainder when 25 is divided by (-3)/(-9) - (-41)/y?
11
Let a = 43 + -40. Calculate the remainder when 7 is divided by a.
1
Let u be (-2)/2 - (15 - 11). Let o = 26 - u. Calculate the remainder when 123 is divided by o.
30
Suppose -5*q + 14 = -31. Suppose 1 - q = -2*w. Suppose w*n = -n + 120. Calculate the remainder when n is divided by 13.
11
Let h = -9 + 11. Suppose 8*t = 3*t - h*y + 76, 0 = t + 5*y - 29. Calculate the remainder when 55 is divided by t.
13
Let t(g) = 10*g + 1. Let j be t(1). Let c = j + 3. Calculate the remainder when 39 is divided by c.
11
Let l = -2 - -5. Suppose 0 = -l*k - 2*k + 75. Calculate the remainder when 29 is divided by k.
14
Suppose -1 = -3*c + 26. Let k = 5 + -4. Let n = k - -3. Calculate the remainder when c is divided by n.
1
Let y = 16 + -13. Suppose 0 = -4*j - 0*j + 76. Calculate the remainder when j is divided by 3/y*(1 + 9).
9
Let p = 5 - -67. What is the remainder when p is divided by 15?
12
Suppose 0 = -8*j + 6*j. Suppose -10 + 2 = 4*l, -2*d + 2*l + 18 = j. What is the remainder when d is divided by 3?
1
Let s = -30 + 99. Calculate the remainder when s is divided by 9.
6
Let d(z) = z**2 + 5*z + 5. What is the remainder when -3 + 7/(14/48) is divided by d(-6)?
10
Let w(k) = -k**3 + 6*k**2 - 4*k. Let a be w(5). Suppose 5*h = -q - a, 4*q - q + 5*h = 5. Suppose 65 = -0*c + q*c. What is the remainder when c is divided by 5?
3
Suppose -2*u + 9 = k - u, 0 = 2*k + 3*u - 18. Let b = -12 - -29. What is the remainder when b is divided by k?
8
Let k = 3 - -1. Suppose -4*p = -12 - k. Suppose -5*h + 17 = -18. What is the remainder when h is divided by p?
3
Suppose 107 = -5*m + 382. Let q(l) = l**2 + l + 19. Calculate the remainder when m is divided by q(0).
17
Let c(z) = z + 7. Calculate the remainder when 21 is divided by c(5).
9
Suppose 0 = r - 21 - 18. Suppose -4*y + 59 = 3. Calculate the remainder when r is divided by y.
11
Suppose 0 = 5*c + 3*z - 115, c - z = -1 + 24. Calculate the remainder when (1 + (-130)/(-6))*3 is divided by c.
22
Let p(z) = -8*z. Suppose -3*j - 2 = 4. What is the remainder when p(j) is divided by 6?
4
Suppose 4*d - 7 = 3*d. What is the remainder when 19 is divided by d?
5
Let g(l) = -l**3 - 5*l**2 + 1. Let u be g(-5). Let s = u + -6. Let a(q) = q**3 + 7*q**2 + 5*q + 1. Calculate the remainder when 51 is divided by a(s).
25
Let t = -439 + 471. Let v = 11 + 0. What is the remainder when t is divided by v?
10
Let w = 34 - 5. Suppose 3*o - 6 = 3*h, 3*o - 2*h - 7 = -0*h. Suppose o*p = -0 + 30. Calculate the remainder when w is divided by p.
9
Let c be 1/(-5) - 1946/70. Let m = -19 - c. Calculate the remainder when 17 is divided by m.
8
Let 